/105). Let k be 4/(-10) + 208/f. Let o(d) = -d**3 + 3*d + 2. Determine o(k).
4
Let o(d) = 8*d + 5*d**2 + 24*d**3 - 6*d - 25*d**3 + d - 8 + d. Determine o(4).
24
Let b(s) = -4*s + 3. Suppose 2*k = -2*k + 12. Suppose 3*n - 25 = 5*w, k*w - 2*w + 5*n = -5. Let o be (w/4)/(2/(-8)). What is b(o)?
-17
Let m(a) = -a**3 + 4*a**2 - 1. Let x be m(4). Let z(f) = -2*f**3 - 3*f - 2. Let k be z(x). Let i(y) = -1 - 2*y + y + 3*y**3 + 4*y**3 - 3*y**k. Give i(-1).
-4
Suppose -7*u - 32 = u. Let z be 9/((-90)/u)*-10. Let a(g) = -49 + 89 + g - 40. Give a(z).
-4
Let u(v) be the second derivative of -v**6/120 + v**5/12 - v**4/12 + 5*v**3/6 - 17*v**2/2 - 25*v. Let l(q) be the first derivative of u(q). Give l(5).
-5
Let i be (-6)/2 + (-6)/(-2). Let w be 0 + i*(-2)/(-4). Let x(h) = 2*h**2 - 2*h**2 + 2*h - h**2 - 3*h + 5 - h**3. Give x(w).
5
Let c(l) = -5*l**2 + 9*l + 26. Let t(x) = -4*x**2 + 10*x + 25. Let q(p) = -3*c(p) + 4*t(p). Let b(m) be the first derivative of q(m). Calculate b(9).
-5
Let f(t) = 122 - 113 + 13*t - 12*t. What is f(-22)?
-13
Let d(u) be the second derivative of u**4/12 + 4*u**3/3 - 6*u**2 + 72*u. Give d(-10).
8
Let n(y) = -6*y**2 - 12*y. Let t(o) = -o**2 - o. Let u(m) = -m**3 - 10*m**2 - 5. Let r be u(-10). Let h(c) = r*t(c) + n(c). Determine h(-7).
0
Let m(o) be the first derivative of o**2/2 + 10*o + 146. Calculate m(-12).
-2
Let u(m) = -5*m**2 - 15*m + 8. Let i(j) = j**2 + j. Let q be 1*3 + -3*12/4. Let g(d) = q*i(d) - u(d). Determine g(6).
10
Let c(g) be the first derivative of 9*g**3 - g**2 - g - 320. Give c(-1).
28
Let p(z) = -z**2 + 8*z + 5. Let q = 612 - 606. Determine p(q).
17
Let c(i) = i + 1. Suppose -10*q + 112 - 22 = 0. Give c(q).
10
Let t(p) = -p**2 - 2*p + 11. Suppose -267 = 43*w - 52. Determine t(w).
-4
Let h = 2 - 5. Let s = h - 0. Let i be 15/(-2)*2/s. Let a(p) = -p**2 + 2*p + 7. Calculate a(i).
-8
Suppose 0*a - 2*a = 0. Let t = a - -3. Let v(l) be the first derivative of l**3/3 - 3*l**2/2 - 4*l + 166. Determine v(t).
-4
Let l(i) = i - 3. Let v(j) = -j - 4. Let g(b) = 3*l(b) - v(b). Give g(3).
7
Let s(t) = -7*t**3 - 6*t**2 - 13*t - 9. Let a(d) = 4*d**3 + 2*d**2 + 6*d + 4. Let z(u) = -5*a(u) - 3*s(u). Determine z(-7).
-7
Let k(d) = -8*d - 177. Let i be k(-23). Let r(o) = 8 + 0 - 4*o + 0. What is r(i)?
-20
Let v(b) = 16*b**2 - b. Let n be v(1). Let u be 12/n*20/(-8). Let z be (3 + 1)*(1 + u). Let m(w) = -w**3 - 3*w**2 + 6*w + 4. Determine m(z).
-4
Let s(b) = -10 - 4*b**2 + 9 - 66*b + 64*b. What is s(-2)?
-13
Suppose -3 = 2*v - 1. Let q be v/((-22)/12 - -2). Let o(d) = -3 - 3*d**3 - 35*d + 4*d**3 + 5*d**2 + 31*d + 10. What is o(q)?
-5
Let d(f) = f**2 - 2*f - 36. Suppose -47 = -n - 4*n - 4*r, 5*n + 3*r = 44. What is d(n)?
-1
Let m = -31 + 26. Let w(h) = -h**3 - h**2 - 5*h. Let c(d) = -d**3 - 2*d**2 - 5*d + 1. Let k(b) = -5*c(b) + 4*w(b). Calculate k(m).
-5
Let i = -89 - -94. Let q(r) = -r**3 + 4*r**2 + 3*r - 3. Calculate q(i).
-13
Let t(r) = r - 1. Let q(o) be the first derivative of -1 + 2 - 2 + o**2 - 2*o. Let z(s) = -q(s) + 4*t(s). Calculate z(4).
6
Let i(k) be the first derivative of k**2 + 3*k - 132. What is i(1)?
5
Let g be (-15)/(-45)*(-70 - -1). Let y = 29 + g. Let t(j) = -j**2 + 3*j + 8. Determine t(y).
-10
Suppose 105 = -4*u + 7*u. Suppose -u + 14 = 3*l. Let x(j) be the second derivative of -j**5/20 - j**4/2 + 4*j**3/3 + 5*j**2 + 38*j - 1. Give x(l).
3
Let l be (-1)/(-4) + (-40)/32. Let a be (1 - l) + -2 - -1. Let c(i) = i**2 + 1. Give c(a).
2
Let v(p) = -1273 - 3*p**2 + 2545 - 1266 - p**3. Determine v(-4).
22
Let d(o) = 3*o**2. Let m(y) = 2*y + 4. Let c be m(-3). Let x = c + -1. Let j = -4 - x. Give d(j).
3
Let d(k) = 3*k**2 - 25*k + 58. Let i be d(5). Let l(q) = -q**3 - 9*q**2 - 9*q - 3. Let z(g) = -g**3 - g**2 - 1. Let h(p) = -l(p) + 2*z(p). Calculate h(i).
9
Let m(f) = -f + 5. Suppose 26 = -20*w + 106. Calculate m(w).
1
Let j(n) = n**2 - 13*n - 11. Let r be j(14). Let c = r + -2. Let i(s) = 13*s - 1. Determine i(c).
12
Let t(f) = -f - 5 + 12 - 8. What is t(-7)?
6
Suppose 6*c + 9 = 9*c. Suppose 4*l + 0*l = -3*x - 12, 2*l + c*x = 0. Let s(u) be the first derivative of -u**3/3 - 5*u**2/2 - u + 3. Determine s(l).
-7
Let y(w) = -w**3 - 6*w**2 - 4*w - 2. Let r be y(-5). Let p = r + 9. Suppose 4 = -o + p. Let g(q) = 2*q. Calculate g(o).
-4
Let z = -93 - -92. Let j(s) = -25*s**3 - 2*s**2 - 2*s - 1. Calculate j(z).
24
Let p(o) = o**3 - 5*o**2 + o - 7. Suppose -8 = -2*t - 2*s, 3*t + 0*t - 4*s = -16. Suppose 2*i - 5*h + 5 = t, -3*i + 8*i - 16 = 3*h. Give p(i).
-2
Suppose 6*d = 2*d - z - 20, -2*z = -d + 4. Let y be 6*((-5 - (d + 1)) + 1). Let m(o) = o + 4. Let i(n) = n + 3. Let r(c) = 4*i(c) - 3*m(c). Calculate r(y).
-6
Let d(z) = -z**2 + z - 5. Let c be (-2)/(-4)*(23 + -23). Calculate d(c).
-5
Let r(o) = o**3 - 7*o**2 + 2*o - 10. Let d be r(7). Suppose -i = 3*g + 3*i + d, 2*g = -5*i - 5. Suppose -3*m - 2*m = g. Let j(z) = z**3 + 7. Give j(m).
7
Let j(p) = -p**2 + 2. Let i(y) = 6*y**2 - 6*y - 9. Let v(z) = 2*i(z) + 10*j(z). Give v(8).
34
Let p(n) be the second derivative of -n**3 + n**2/2 - 6*n + 1. Calculate p(-2).
13
Suppose 0*l = -4*l. Suppose 3 = -3*k - l. Let y(h) = -2*h**3 - 16*h + 2*h + 8*h + 4*h - 1 - 2*h**2. Give y(k).
1
Suppose 122*s - 121*s - 2 = 0. Let i be (s - 6 - -7) + 0 + -1. Let g(u) = -3*u**3 + 3*u**2 - u - 1. What is g(i)?
-15
Let s(b) be the second derivative of 5/2*b**2 + 1/8*b**4 + 0 + 3*b - 5/6*b**3. Let h(a) be the first derivative of s(a). Calculate h(4).
7
Let z be (-2)/5 + (111/15 - 5). Let v(k) = -1 + 208*k**3 - 7*k - 207*k**3 + 3 + 5*k**z. Calculate v(-6).
8
Let u(n) = n**3 - 5*n**2 - 10*n - 3. Let t(v) = v**2 - 2*v + 7. Let d be t(0). What is u(d)?
25
Let o = 3 - -1. Suppose -y - o = -8. Suppose 0 = -y*v - 5*j + 48, 5*j + 9 = 5*v - 6. Let t(k) = -k. Calculate t(v).
-7
Let u(r) = 31*r**3 - 4*r**2 + 2*r - 3. Let p(w) = 29*w**3 - 3*w**2 + 2*w - 2. Let t(l) = 4*p(l) - 3*u(l). Give t(-1).
-24
Let q(j) = j**2 - 2*j - 1. Let l be q(2). Let h(x) = x. Let a = 12 - 15. Let g(n) = 4*n + 1. Let r(v) = a*h(v) - g(v). Give r(l).
6
Let y(p) = p**3 + 8*p**2 + 6*p - 7. Let d = -661 - -654. What is y(d)?
0
Let j(b) = -1 + 8 + 22*b - 23*b. Calculate j(7).
0
Let z(l) be the first derivative of -l**3/3 - 9*l**2/2 - 10*l - 8. Let y(v) = v**2 + 8*v - 8. Let r be y(-8). Calculate z(r).
-2
Let s(v) be the second derivative of 5*v**4/12 + 11*v**2/2 - 24*v. Let f(l) be the first derivative of s(l). What is f(-1)?
-10
Let f(r) = -3*r + 2. Let y = 10 - 7. Suppose 8 = 5*p - y*p. Determine f(p).
-10
Let h(n) = 9 + 119*n + 111*n - 227*n. Give h(-11).
-24
Let a(i) = i**2 - 6. Suppose -160 = -52*k + 48. Calculate a(k).
10
Suppose 3*q = -5*b - q - 5, 0 = -5*q. Let y = b - -2. Let k(d) = -19*d**2 + d + d**3 + 17*d**2 + 7*d**3. Calculate k(y).
7
Let k(n) = -n**3 - 2*n + 491*n**2 - 496*n**2 + 3 - n. Calculate k(-4).
-1
Let y(d) be the first derivative of d**3 - d**2 + d - 1. Suppose -35*u = -26*u - 9. What is y(u)?
2
Let s = 1156 + -1140. Let m(n) = -n**3 + 15*n**2 + 15*n + 18. What is m(s)?
2
Let x = -19 + 35. Let v(p) = p**2 - x*p**3 - p**2 + p**2 + 17*p**3. Give v(2).
12
Suppose 5*b + 6 + 4 = 0. Let c = b - -38. Let x(s) = -5 + c*s + 33*s - 68*s. Give x(-4).
-9
Let n(x) be the first derivative of x**3/3 + x + 74. Give n(2).
5
Let s(w) = w. Let x be s(1). Let f be -5 - -4 - (x + -2). Let k(z) = 2*z + 1. Let c(y) = -13*y - 6. Let t(g) = -c(g) - 6*k(g). Determine t(f).
0
Let k(l) = -l**2 - 13*l - 5. Let m be k(-13). Let b = -5 - m. Let a(i) = -i**2 + 17. Calculate a(b).
17
Let t(r) = r**2 - 8*r + 9. Suppose 2*q - q + 12 = v, 0 = -q - 4. Let i be t(v). Let f(m) = -4*m**3 - 6 + 0 + 5*m**3 - i*m**2 + 5*m**2 - 4*m. Give f(5).
-1
Let r(y) = -25*y**2 + 43*y**2 - 30 - 17*y - 19*y**2 + y. Give r(-14).
-2
Let y be (-1)/(15/(-6))*-10. Let v = 22 + -21. Let u(g) = v - 5*g - 4 - g + g - 5*g**2 - g**3. Give u(y).
1
Let i(c) be the third derivative of -7/6*c**3 - 4*c**2 + 0*c + 1/12*c**4 + 0. Let t be 5/25 + 48/10. Calculate i(t).
3
Let k(v) = -118 - 9*v + 112 + 8*v. Calculate k(-10).
4
Let s(d) = -d**3 - 5*d**2 + 4*d + 1. Suppose 23*x - 24*x - 4 = 0. Give s(x).
-31
Let w(c) be the third derivative of -c**4/6 - 2*c**3/3 + 4*c**2 + 56*c. Calculate w(-5).
16
Let b(h) = 4*h**2 + 11*h + 19. Let p be b(-4). Let n = -94 + 134. Let j(q) = 3*q**2 + 2*q - n 